{"id":1563,"date":"2023-08-25T12:28:58","date_gmt":"2023-08-25T10:28:58","guid":{"rendered":"https:\/\/lejardindegwenn.fr\/?post_type=product&#038;p=1563"},"modified":"2026-01-30T11:37:48","modified_gmt":"2026-01-30T10:37:48","slug":"grande-apero-box-2","status":"publish","type":"product","link":"https:\/\/lejardindegwenn.fr\/index.php\/produit\/grande-apero-box-2\/","title":{"rendered":"Grande ap\u00e9ro box"},"content":{"rendered":"<div>\n<p>Nous vous proposons une grande ap\u00e9ro box (3-4personnes) \u00e0 emporter du mardi au dimanche.<\/p>\n<\/div>\n<p>D\u00e9couvrez notre grande ap\u00e9ro box.\u00a0 Cette derni\u00e8re se compose de charcuteries ; fromages ; carottes et radis croquants ; une tartinade de tzatziki de radis, un mont d&rsquo;or fondant et oignons frits,PDT grenailles aux herbes, wraps crudit\u00e9s, des brochettes chorizo\/comt\u00e9\/olive, minis pizzas maisons ch\u00e8vre\/miel, navettes stracciatella magret, club sandwich fa\u00e7on croque monsieur, &#8230; Possibilit\u00e9, sur demande, de faire une version v\u00e9g\u00e9tarienne.<\/p>\n<p>Tout est fait-maison et r\u00e9alis\u00e9 qu&rsquo;avec des produits frais. Toujours dans notre d\u00e9marche anti gaspillage, le contenu de la box est susceptible de varier selon les produits restants.<\/p>\n<p>Retrait du mardi au dimanche UNIQUEMENT sur les heures d&rsquo;ouvertures.<\/p>\n<p>&nbsp;<\/p>\n","protected":false},"excerpt":{"rendered":"<p>Grande ap\u00e9ro box.\u00a0Convient pour 3 \u00e0 4 personnes.<\/p>\n","protected":false},"featured_media":5081,"comment_status":"open","ping_status":"closed","template":"","meta":{"_monsterinsights_skip_tracking":false,"_monsterinsights_sitenote_active":false,"_monsterinsights_sitenote_note":"","_monsterinsights_sitenote_category":0},"product_brand":[],"product_cat":[28],"product_tag":[],"class_list":{"0":"post-1563","1":"product","2":"type-product","3":"status-publish","4":"has-post-thumbnail","6":"product_cat-box","8":"first","9":"instock","10":"taxable","11":"shipping-taxable","12":"purchasable","13":"product-type-simple"},"yoast_head":"<!-- This site is optimized with the Yoast SEO plugin v26.1.1 - https:\/\/yoast.com\/wordpress\/plugins\/seo\/ -->\n<title>Grande ap\u00e9ro box - Le Jardin de Gwenn<\/title>\n<meta name=\"description\" content=\"Grande ap\u00e9ro box \u00e0 partager pour un moment convivial. Un ensemble de produits frais et faits-maison. A r\u00e9cup\u00e9rer en click&amp;collect \u00e0 Brest.\" \/>\n<meta name=\"robots\" content=\"index, follow, max-snippet:-1, max-image-preview:large, max-video-preview:-1\" \/>\n<link rel=\"canonical\" href=\"https:\/\/lejardindegwenn.fr\/index.php\/produit\/grande-apero-box-2\/\" \/>\n<meta property=\"og:locale\" content=\"fr_FR\" \/>\n<meta property=\"og:type\" content=\"article\" \/>\n<meta property=\"og:title\" content=\"Grande ap\u00e9ro box - Le Jardin de Gwenn\" \/>\n<meta property=\"og:description\" content=\"Grande ap\u00e9ro box \u00e0 partager pour un moment convivial. Un ensemble de produits frais et faits-maison. A r\u00e9cup\u00e9rer en click&amp;collect \u00e0 Brest.\" \/>\n<meta property=\"og:url\" content=\"https:\/\/lejardindegwenn.fr\/index.php\/produit\/grande-apero-box-2\/\" \/>\n<meta property=\"og:site_name\" content=\"Le Jardin de Gwenn\" \/>\n<meta property=\"article:publisher\" content=\"https:\/\/www.facebook.com\/lejardindegwenn\/?locale=fr_FR\" \/>\n<meta property=\"article:modified_time\" content=\"2026-01-30T10:37:48+00:00\" \/>\n<meta property=\"og:image\" content=\"https:\/\/lejardindegwenn.fr\/wp-content\/uploads\/2026\/01\/aperobox5-scaled.jpg\" \/>\n\t<meta property=\"og:image:width\" content=\"1707\" \/>\n\t<meta property=\"og:image:height\" content=\"2560\" \/>\n\t<meta property=\"og:image:type\" content=\"image\/jpeg\" \/>\n<meta name=\"twitter:card\" content=\"summary_large_image\" \/>\n<meta name=\"twitter:label1\" content=\"Dur\u00e9e de lecture estim\u00e9e\" \/>\n\t<meta name=\"twitter:data1\" content=\"1 minute\" \/>\n<script type=\"application\/ld+json\" class=\"yoast-schema-graph\">{\"@context\":\"https:\/\/schema.org\",\"@graph\":[{\"@type\":\"WebPage\",\"@id\":\"https:\/\/lejardindegwenn.fr\/index.php\/produit\/grande-apero-box-2\/\",\"url\":\"https:\/\/lejardindegwenn.fr\/index.php\/produit\/grande-apero-box-2\/\",\"name\":\"Grande ap\u00e9ro box - Le Jardin de Gwenn\",\"isPartOf\":{\"@id\":\"https:\/\/lejardindegwenn.fr\/#website\"},\"primaryImageOfPage\":{\"@id\":\"https:\/\/lejardindegwenn.fr\/index.php\/produit\/grande-apero-box-2\/#primaryimage\"},\"image\":{\"@id\":\"https:\/\/lejardindegwenn.fr\/index.php\/produit\/grande-apero-box-2\/#primaryimage\"},\"thumbnailUrl\":\"https:\/\/lejardindegwenn.fr\/wp-content\/uploads\/2026\/01\/aperobox5-scaled.jpg\",\"datePublished\":\"2023-08-25T10:28:58+00:00\",\"dateModified\":\"2026-01-30T10:37:48+00:00\",\"description\":\"Grande ap\u00e9ro box \u00e0 partager pour un moment convivial. Un ensemble de produits frais et faits-maison. A r\u00e9cup\u00e9rer en click&collect \u00e0 Brest.\",\"breadcrumb\":{\"@id\":\"https:\/\/lejardindegwenn.fr\/index.php\/produit\/grande-apero-box-2\/#breadcrumb\"},\"inLanguage\":\"fr-FR\",\"potentialAction\":[{\"@type\":\"ReadAction\",\"target\":[\"https:\/\/lejardindegwenn.fr\/index.php\/produit\/grande-apero-box-2\/\"]}]},{\"@type\":\"ImageObject\",\"inLanguage\":\"fr-FR\",\"@id\":\"https:\/\/lejardindegwenn.fr\/index.php\/produit\/grande-apero-box-2\/#primaryimage\",\"url\":\"https:\/\/lejardindegwenn.fr\/wp-content\/uploads\/2026\/01\/aperobox5-scaled.jpg\",\"contentUrl\":\"https:\/\/lejardindegwenn.fr\/wp-content\/uploads\/2026\/01\/aperobox5-scaled.jpg\",\"width\":1707,\"height\":2560,\"caption\":\"Box ap\u00e9ro\"},{\"@type\":\"BreadcrumbList\",\"@id\":\"https:\/\/lejardindegwenn.fr\/index.php\/produit\/grande-apero-box-2\/#breadcrumb\",\"itemListElement\":[{\"@type\":\"ListItem\",\"position\":1,\"name\":\"Accueil\",\"item\":\"https:\/\/lejardindegwenn.fr\/\"},{\"@type\":\"ListItem\",\"position\":2,\"name\":\"Commande en ligne\",\"item\":\"https:\/\/lejardindegwenn.fr\/index.php\/commande-en-ligne\/\"},{\"@type\":\"ListItem\",\"position\":3,\"name\":\"Grande ap\u00e9ro box\"}]},{\"@type\":\"WebSite\",\"@id\":\"https:\/\/lejardindegwenn.fr\/#website\",\"url\":\"https:\/\/lejardindegwenn.fr\/\",\"name\":\"Le Jardin de Gwenn\",\"description\":\"Restaurant @ P\u00e2tisserie \u00e0 Brest\",\"publisher\":{\"@id\":\"https:\/\/lejardindegwenn.fr\/#organization\"},\"potentialAction\":[{\"@type\":\"SearchAction\",\"target\":{\"@type\":\"EntryPoint\",\"urlTemplate\":\"https:\/\/lejardindegwenn.fr\/?s={search_term_string}\"},\"query-input\":{\"@type\":\"PropertyValueSpecification\",\"valueRequired\":true,\"valueName\":\"search_term_string\"}}],\"inLanguage\":\"fr-FR\"},{\"@type\":\"Organization\",\"@id\":\"https:\/\/lejardindegwenn.fr\/#organization\",\"name\":\"Le Jardin de Gwenn\",\"url\":\"https:\/\/lejardindegwenn.fr\/\",\"logo\":{\"@type\":\"ImageObject\",\"inLanguage\":\"fr-FR\",\"@id\":\"https:\/\/lejardindegwenn.fr\/#\/schema\/logo\/image\/\",\"url\":\"https:\/\/lejardindegwenn.fr\/wp-content\/uploads\/2022\/12\/cropped-Logo-jdg-.png\",\"contentUrl\":\"https:\/\/lejardindegwenn.fr\/wp-content\/uploads\/2022\/12\/cropped-Logo-jdg-.png\",\"width\":615,\"height\":406,\"caption\":\"Le Jardin de Gwenn\"},\"image\":{\"@id\":\"https:\/\/lejardindegwenn.fr\/#\/schema\/logo\/image\/\"},\"sameAs\":[\"https:\/\/www.facebook.com\/lejardindegwenn\/?locale=fr_FR\",\"https:\/\/www.instagram.com\/le_jardin_de_gwenn\/?hl=fr\"]}]}<\/script>\n<!-- \/ Yoast SEO plugin. -->","yoast_head_json":{"title":"Grande ap\u00e9ro box - Le Jardin de Gwenn","description":"Grande ap\u00e9ro box \u00e0 partager pour un moment convivial. Un ensemble de produits frais et faits-maison. A r\u00e9cup\u00e9rer en click&collect \u00e0 Brest.","robots":{"index":"index","follow":"follow","max-snippet":"max-snippet:-1","max-image-preview":"max-image-preview:large","max-video-preview":"max-video-preview:-1"},"canonical":"https:\/\/lejardindegwenn.fr\/index.php\/produit\/grande-apero-box-2\/","og_locale":"fr_FR","og_type":"article","og_title":"Grande ap\u00e9ro box - Le Jardin de Gwenn","og_description":"Grande ap\u00e9ro box \u00e0 partager pour un moment convivial. Un ensemble de produits frais et faits-maison. A r\u00e9cup\u00e9rer en click&collect \u00e0 Brest.","og_url":"https:\/\/lejardindegwenn.fr\/index.php\/produit\/grande-apero-box-2\/","og_site_name":"Le Jardin de Gwenn","article_publisher":"https:\/\/www.facebook.com\/lejardindegwenn\/?locale=fr_FR","article_modified_time":"2026-01-30T10:37:48+00:00","og_image":[{"width":1707,"height":2560,"url":"https:\/\/lejardindegwenn.fr\/wp-content\/uploads\/2026\/01\/aperobox5-scaled.jpg","type":"image\/jpeg"}],"twitter_card":"summary_large_image","twitter_misc":{"Dur\u00e9e de lecture estim\u00e9e":"1 minute"},"schema":{"@context":"https:\/\/schema.org","@graph":[{"@type":"WebPage","@id":"https:\/\/lejardindegwenn.fr\/index.php\/produit\/grande-apero-box-2\/","url":"https:\/\/lejardindegwenn.fr\/index.php\/produit\/grande-apero-box-2\/","name":"Grande ap\u00e9ro box - Le Jardin de Gwenn","isPartOf":{"@id":"https:\/\/lejardindegwenn.fr\/#website"},"primaryImageOfPage":{"@id":"https:\/\/lejardindegwenn.fr\/index.php\/produit\/grande-apero-box-2\/#primaryimage"},"image":{"@id":"https:\/\/lejardindegwenn.fr\/index.php\/produit\/grande-apero-box-2\/#primaryimage"},"thumbnailUrl":"https:\/\/lejardindegwenn.fr\/wp-content\/uploads\/2026\/01\/aperobox5-scaled.jpg","datePublished":"2023-08-25T10:28:58+00:00","dateModified":"2026-01-30T10:37:48+00:00","description":"Grande ap\u00e9ro box \u00e0 partager pour un moment convivial. Un ensemble de produits frais et faits-maison. A r\u00e9cup\u00e9rer en click&collect \u00e0 Brest.","breadcrumb":{"@id":"https:\/\/lejardindegwenn.fr\/index.php\/produit\/grande-apero-box-2\/#breadcrumb"},"inLanguage":"fr-FR","potentialAction":[{"@type":"ReadAction","target":["https:\/\/lejardindegwenn.fr\/index.php\/produit\/grande-apero-box-2\/"]}]},{"@type":"ImageObject","inLanguage":"fr-FR","@id":"https:\/\/lejardindegwenn.fr\/index.php\/produit\/grande-apero-box-2\/#primaryimage","url":"https:\/\/lejardindegwenn.fr\/wp-content\/uploads\/2026\/01\/aperobox5-scaled.jpg","contentUrl":"https:\/\/lejardindegwenn.fr\/wp-content\/uploads\/2026\/01\/aperobox5-scaled.jpg","width":1707,"height":2560,"caption":"Box ap\u00e9ro"},{"@type":"BreadcrumbList","@id":"https:\/\/lejardindegwenn.fr\/index.php\/produit\/grande-apero-box-2\/#breadcrumb","itemListElement":[{"@type":"ListItem","position":1,"name":"Accueil","item":"https:\/\/lejardindegwenn.fr\/"},{"@type":"ListItem","position":2,"name":"Commande en ligne","item":"https:\/\/lejardindegwenn.fr\/index.php\/commande-en-ligne\/"},{"@type":"ListItem","position":3,"name":"Grande ap\u00e9ro box"}]},{"@type":"WebSite","@id":"https:\/\/lejardindegwenn.fr\/#website","url":"https:\/\/lejardindegwenn.fr\/","name":"Le Jardin de Gwenn","description":"Restaurant @ P\u00e2tisserie \u00e0 Brest","publisher":{"@id":"https:\/\/lejardindegwenn.fr\/#organization"},"potentialAction":[{"@type":"SearchAction","target":{"@type":"EntryPoint","urlTemplate":"https:\/\/lejardindegwenn.fr\/?s={search_term_string}"},"query-input":{"@type":"PropertyValueSpecification","valueRequired":true,"valueName":"search_term_string"}}],"inLanguage":"fr-FR"},{"@type":"Organization","@id":"https:\/\/lejardindegwenn.fr\/#organization","name":"Le Jardin de Gwenn","url":"https:\/\/lejardindegwenn.fr\/","logo":{"@type":"ImageObject","inLanguage":"fr-FR","@id":"https:\/\/lejardindegwenn.fr\/#\/schema\/logo\/image\/","url":"https:\/\/lejardindegwenn.fr\/wp-content\/uploads\/2022\/12\/cropped-Logo-jdg-.png","contentUrl":"https:\/\/lejardindegwenn.fr\/wp-content\/uploads\/2022\/12\/cropped-Logo-jdg-.png","width":615,"height":406,"caption":"Le Jardin de Gwenn"},"image":{"@id":"https:\/\/lejardindegwenn.fr\/#\/schema\/logo\/image\/"},"sameAs":["https:\/\/www.facebook.com\/lejardindegwenn\/?locale=fr_FR","https:\/\/www.instagram.com\/le_jardin_de_gwenn\/?hl=fr"]}]}},"jetpack_sharing_enabled":true,"_links":{"self":[{"href":"https:\/\/lejardindegwenn.fr\/index.php\/wp-json\/wp\/v2\/product\/1563","targetHints":{"allow":["GET"]}}],"collection":[{"href":"https:\/\/lejardindegwenn.fr\/index.php\/wp-json\/wp\/v2\/product"}],"about":[{"href":"https:\/\/lejardindegwenn.fr\/index.php\/wp-json\/wp\/v2\/types\/product"}],"replies":[{"embeddable":true,"href":"https:\/\/lejardindegwenn.fr\/index.php\/wp-json\/wp\/v2\/comments?post=1563"}],"wp:featuredmedia":[{"embeddable":true,"href":"https:\/\/lejardindegwenn.fr\/index.php\/wp-json\/wp\/v2\/media\/5081"}],"wp:attachment":[{"href":"https:\/\/lejardindegwenn.fr\/index.php\/wp-json\/wp\/v2\/media?parent=1563"}],"wp:term":[{"taxonomy":"product_brand","embeddable":true,"href":"https:\/\/lejardindegwenn.fr\/index.php\/wp-json\/wp\/v2\/product_brand?post=1563"},{"taxonomy":"product_cat","embeddable":true,"href":"https:\/\/lejardindegwenn.fr\/index.php\/wp-json\/wp\/v2\/product_cat?post=1563"},{"taxonomy":"product_tag","embeddable":true,"href":"https:\/\/lejardindegwenn.fr\/index.php\/wp-json\/wp\/v2\/product_tag?post=1563"}],"curies":[{"name":"wp","href":"https:\/\/api.w.org\/{rel}","templated":true}]}}

Grande apéro box

<div>
<p>Nous vous proposons une grande apéro box (3-4personnes) à emporter du mardi au dimanche.</p>
</div>
<p>Découvrez notre grande apéro box.  Cette dernière se compose de charcuteries ; fromages ; carottes et radis croquants ; une tartinade de tzatziki de radis, un mont d&rsquo;or fondant et oignons frits,PDT grenailles aux herbes, wraps crudités, des brochettes chorizo/comté/olive, minis pizzas maisons chèvre/miel, navettes stracciatella magret, club sandwich façon croque monsieur, &#8230; Possibilité, sur demande, de faire une version végétarienne.</p>
<p>Tout est fait-maison et réalisé qu&rsquo;avec des produits frais. Toujours dans notre démarche anti gaspillage, le contenu de la box est susceptible de varier selon les produits restants.</p>
<p>Retrait du mardi au dimanche UNIQUEMENT sur les heures d&rsquo;ouvertures.</p>
<p>&nbsp;</p>

<p>Grande apéro box. Convient pour 3 à 4 personnes.</p>

<!-- This site is optimized with the Yoast SEO plugin v26.1.1 - https://yoast.com/wordpress/plugins/seo/ -->
<title>Grande apéro box - Le Jardin de Gwenn</title>
<meta name="description" content="Grande apéro box à partager pour un moment convivial. Un ensemble de produits frais et faits-maison. A récupérer en click&amp;collect à Brest." />
<meta name="robots" content="index, follow, max-snippet:-1, max-image-preview:large, max-video-preview:-1" />
<link rel="canonical" href="https://lejardindegwenn.fr/index.php/produit/grande-apero-box-2/" />
<meta property="og:locale" content="fr_FR" />
<meta property="og:type" content="article" />
<meta property="og:title" content="Grande apéro box - Le Jardin de Gwenn" />
<meta property="og:description" content="Grande apéro box à partager pour un moment convivial. Un ensemble de produits frais et faits-maison. A récupérer en click&amp;collect à Brest." />
<meta property="og:url" content="https://lejardindegwenn.fr/index.php/produit/grande-apero-box-2/" />
<meta property="og:site_name" content="Le Jardin de Gwenn" />
<meta property="article:publisher" content="https://www.facebook.com/lejardindegwenn/?locale=fr_FR" />
<meta property="article:modified_time" content="2026-01-30T10:37:48+00:00" />
<meta property="og:image" content="https://lejardindegwenn.fr/wp-content/uploads/2026/01/aperobox5-scaled.jpg" />
	<meta property="og:image:width" content="1707" />
	<meta property="og:image:height" content="2560" />
	<meta property="og:image:type" content="image/jpeg" />
<meta name="twitter:card" content="summary_large_image" />
<meta name="twitter:label1" content="Durée de lecture estimée" />
	<meta name="twitter:data1" content="1 minute" />
<script type="application/ld+json" class="yoast-schema-graph">{"@context":"https://schema.org","@graph":[{"@type":"WebPage","@id":"https://lejardindegwenn.fr/index.php/produit/grande-apero-box-2/","url":"https://lejardindegwenn.fr/index.php/produit/grande-apero-box-2/","name":"Grande apéro box - Le Jardin de Gwenn","isPartOf":{"@id":"https://lejardindegwenn.fr/#website"},"primaryImageOfPage":{"@id":"https://lejardindegwenn.fr/index.php/produit/grande-apero-box-2/#primaryimage"},"image":{"@id":"https://lejardindegwenn.fr/index.php/produit/grande-apero-box-2/#primaryimage"},"thumbnailUrl":"https://lejardindegwenn.fr/wp-content/uploads/2026/01/aperobox5-scaled.jpg","datePublished":"2023-08-25T10:28:58+00:00","dateModified":"2026-01-30T10:37:48+00:00","description":"Grande apéro box à partager pour un moment convivial. Un ensemble de produits frais et faits-maison. A récupérer en click&collect à Brest.","breadcrumb":{"@id":"https://lejardindegwenn.fr/index.php/produit/grande-apero-box-2/#breadcrumb"},"inLanguage":"fr-FR","potentialAction":[{"@type":"ReadAction","target":["https://lejardindegwenn.fr/index.php/produit/grande-apero-box-2/"]}]},{"@type":"ImageObject","inLanguage":"fr-FR","@id":"https://lejardindegwenn.fr/index.php/produit/grande-apero-box-2/#primaryimage","url":"https://lejardindegwenn.fr/wp-content/uploads/2026/01/aperobox5-scaled.jpg","contentUrl":"https://lejardindegwenn.fr/wp-content/uploads/2026/01/aperobox5-scaled.jpg","width":1707,"height":2560,"caption":"Box apéro"},{"@type":"BreadcrumbList","@id":"https://lejardindegwenn.fr/index.php/produit/grande-apero-box-2/#breadcrumb","itemListElement":[{"@type":"ListItem","position":1,"name":"Accueil","item":"https://lejardindegwenn.fr/"},{"@type":"ListItem","position":2,"name":"Commande en ligne","item":"https://lejardindegwenn.fr/index.php/commande-en-ligne/"},{"@type":"ListItem","position":3,"name":"Grande apéro box"}]},{"@type":"WebSite","@id":"https://lejardindegwenn.fr/#website","url":"https://lejardindegwenn.fr/","name":"Le Jardin de Gwenn","description":"Restaurant @ Pâtisserie à Brest","publisher":{"@id":"https://lejardindegwenn.fr/#organization"},"potentialAction":[{"@type":"SearchAction","target":{"@type":"EntryPoint","urlTemplate":"https://lejardindegwenn.fr/?s={search_term_string}"},"query-input":{"@type":"PropertyValueSpecification","valueRequired":true,"valueName":"search_term_string"}}],"inLanguage":"fr-FR"},{"@type":"Organization","@id":"https://lejardindegwenn.fr/#organization","name":"Le Jardin de Gwenn","url":"https://lejardindegwenn.fr/","logo":{"@type":"ImageObject","inLanguage":"fr-FR","@id":"https://lejardindegwenn.fr/#/schema/logo/image/","url":"https://lejardindegwenn.fr/wp-content/uploads/2022/12/cropped-Logo-jdg-.png","contentUrl":"https://lejardindegwenn.fr/wp-content/uploads/2022/12/cropped-Logo-jdg-.png","width":615,"height":406,"caption":"Le Jardin de Gwenn"},"image":{"@id":"https://lejardindegwenn.fr/#/schema/logo/image/"},"sameAs":["https://www.facebook.com/lejardindegwenn/?locale=fr_FR","https://www.instagram.com/le_jardin_de_gwenn/?hl=fr"]}]}</script>
<!-- / Yoast SEO plugin. -->

Grande apéro box - Le Jardin de Gwenn

Grande apéro box à partager pour un moment convivial. Un ensemble de produits frais et faits-maison. A récupérer en click&collect à Brest.

Box apéro

Restaurant @ Pâtisserie à Brest
