{"id":3985,"date":"2025-03-14T13:29:07","date_gmt":"2025-03-14T12:29:07","guid":{"rendered":"https:\/\/lejardindegwenn.fr\/?post_type=product&#038;p=3985"},"modified":"2025-09-24T12:10:25","modified_gmt":"2025-09-24T10:10:25","slug":"box-petit-dejeuner-2pers","status":"publish","type":"product","link":"https:\/\/lejardindegwenn.fr\/index.php\/produit\/box-petit-dejeuner-2pers\/","title":{"rendered":"Box petit dej 2pers"},"content":{"rendered":"<p>Petite Box petit d\u00e9jeuner 2 personnes : compos\u00e9e de 4 cr\u00eapes, 2 petites brioches, des chouquettes, 5 parts de cake (du moment), 2 pots de fruits et des pots de caramel et chocolat maison.<\/p>\n<p>La photo ne repr\u00e9sente pas les quantit\u00e9s exactes de la box.<\/p>\n<p>Les commandes internet se font au minimum 24h00 avant le jour de votre retrait, sinon cela se fait par t\u00e9l\u00e9phone au <a href=\"https:\/\/www.google.com\/search?q=patisserie+le+jardin+de+gwenn&amp;oq=patisserie+le+jardin+de+gwenn&amp;gs_lcrp=EgZjaHJvbWUyCQgAEEUYORiABDIICAEQABgWGB4yCAgCEAAYFhgeMggIAxAAGBYYHjIICAQQABgWGB4yCggFEAAYgAQYogQyCggGEAAYogQYiQUyCggHEAAYgAQYogQyCggIEAAYgAQYogQyCggJEAAYgAQYogTSAQgzNDg2ajBqN6gCALACAA&amp;sourceid=chrome&amp;ie=UTF-8#\" data-dtype=\"d3ph\" data-local-attribute=\"d3ph\" data-ved=\"2ahUKEwjIkPnKt--IAxXYfKQEHWiDLksQkAgoAHoECCwQAg\"><span aria-label=\"Appeler le 02 56 31 86 01\">02 56 31 86 01<\/span><\/a>. Le retrait se fait \u00e0 la p\u00e2tisserie au 1 rue Saint Martin, uniquement sur les jours d\u2019ouverture. PAS DE LIVRAISON POUR LES PARTICULIERS<\/p>\n","protected":false},"excerpt":{"rendered":"<p>Petite Box petit d\u00e9jeuner 2 personnes : compos\u00e9e de 4 cr\u00eapes, 2 petites brioches, des chouquettes, 5 parts de cake (du moment), 2 pots de fruits et des pots de caramel et chocolat maison.<\/p>\n","protected":false},"featured_media":3986,"comment_status":"open","ping_status":"closed","template":"","meta":{"_monsterinsights_skip_tracking":false,"_monsterinsights_sitenote_active":false,"_monsterinsights_sitenote_note":"","_monsterinsights_sitenote_category":0},"product_brand":[],"product_cat":[27],"product_tag":[],"class_list":{"0":"post-3985","1":"product","2":"type-product","3":"status-publish","4":"has-post-thumbnail","6":"product_cat-non-classe","8":"first","9":"instock","10":"taxable","11":"shipping-taxable","12":"purchasable","13":"product-type-simple"},"yoast_head":"<!-- This site is optimized with the Yoast SEO plugin v26.1.1 - https:\/\/yoast.com\/wordpress\/plugins\/seo\/ -->\n<title>Box petit dej 2pers - Le Jardin de Gwenn<\/title>\n<meta name=\"robots\" content=\"index, follow, max-snippet:-1, max-image-preview:large, max-video-preview:-1\" \/>\n<link rel=\"canonical\" href=\"https:\/\/lejardindegwenn.fr\/index.php\/produit\/box-petit-dejeuner-2pers\/\" \/>\n<meta property=\"og:locale\" content=\"fr_FR\" \/>\n<meta property=\"og:type\" content=\"article\" \/>\n<meta property=\"og:title\" content=\"Box petit dej 2pers - Le Jardin de Gwenn\" \/>\n<meta property=\"og:description\" content=\"Petite Box petit d\u00e9jeuner 2 personnes : compos\u00e9e de 4 cr\u00eapes, 2 petites brioches, des chouquettes, 5 parts de cake (du moment), 2 pots de fruits et des pots de caramel et chocolat maison.\" \/>\n<meta property=\"og:url\" content=\"https:\/\/lejardindegwenn.fr\/index.php\/produit\/box-petit-dejeuner-2pers\/\" \/>\n<meta property=\"og:site_name\" content=\"Le Jardin de Gwenn\" \/>\n<meta property=\"article:publisher\" content=\"https:\/\/www.facebook.com\/lejardindegwenn\/?locale=fr_FR\" \/>\n<meta property=\"article:modified_time\" content=\"2025-09-24T10:10:25+00:00\" \/>\n<meta property=\"og:image\" content=\"https:\/\/lejardindegwenn.fr\/wp-content\/uploads\/2025\/03\/boxpetitdej2-2-scaled.jpg\" \/>\n\t<meta property=\"og:image:width\" content=\"1707\" \/>\n\t<meta property=\"og:image:height\" content=\"2560\" \/>\n\t<meta property=\"og:image:type\" content=\"image\/jpeg\" \/>\n<meta name=\"twitter:card\" content=\"summary_large_image\" \/>\n<meta name=\"twitter:label1\" content=\"Dur\u00e9e de lecture estim\u00e9e\" \/>\n\t<meta name=\"twitter:data1\" content=\"1 minute\" \/>\n<script type=\"application\/ld+json\" class=\"yoast-schema-graph\">{\"@context\":\"https:\/\/schema.org\",\"@graph\":[{\"@type\":\"WebPage\",\"@id\":\"https:\/\/lejardindegwenn.fr\/index.php\/produit\/box-petit-dejeuner-2pers\/\",\"url\":\"https:\/\/lejardindegwenn.fr\/index.php\/produit\/box-petit-dejeuner-2pers\/\",\"name\":\"Box petit dej 2pers - Le Jardin de Gwenn\",\"isPartOf\":{\"@id\":\"https:\/\/lejardindegwenn.fr\/#website\"},\"primaryImageOfPage\":{\"@id\":\"https:\/\/lejardindegwenn.fr\/index.php\/produit\/box-petit-dejeuner-2pers\/#primaryimage\"},\"image\":{\"@id\":\"https:\/\/lejardindegwenn.fr\/index.php\/produit\/box-petit-dejeuner-2pers\/#primaryimage\"},\"thumbnailUrl\":\"https:\/\/lejardindegwenn.fr\/wp-content\/uploads\/2025\/03\/boxpetitdej2-2-scaled.jpg\",\"datePublished\":\"2025-03-14T12:29:07+00:00\",\"dateModified\":\"2025-09-24T10:10:25+00:00\",\"breadcrumb\":{\"@id\":\"https:\/\/lejardindegwenn.fr\/index.php\/produit\/box-petit-dejeuner-2pers\/#breadcrumb\"},\"inLanguage\":\"fr-FR\",\"potentialAction\":[{\"@type\":\"ReadAction\",\"target\":[\"https:\/\/lejardindegwenn.fr\/index.php\/produit\/box-petit-dejeuner-2pers\/\"]}]},{\"@type\":\"ImageObject\",\"inLanguage\":\"fr-FR\",\"@id\":\"https:\/\/lejardindegwenn.fr\/index.php\/produit\/box-petit-dejeuner-2pers\/#primaryimage\",\"url\":\"https:\/\/lejardindegwenn.fr\/wp-content\/uploads\/2025\/03\/boxpetitdej2-2-scaled.jpg\",\"contentUrl\":\"https:\/\/lejardindegwenn.fr\/wp-content\/uploads\/2025\/03\/boxpetitdej2-2-scaled.jpg\",\"width\":1707,\"height\":2560,\"caption\":\"box petit d\u00e9jeuner brest\"},{\"@type\":\"BreadcrumbList\",\"@id\":\"https:\/\/lejardindegwenn.fr\/index.php\/produit\/box-petit-dejeuner-2pers\/#breadcrumb\",\"itemListElement\":[{\"@type\":\"ListItem\",\"position\":1,\"name\":\"Accueil\",\"item\":\"https:\/\/lejardindegwenn.fr\/\"},{\"@type\":\"ListItem\",\"position\":2,\"name\":\"Commande en ligne\",\"item\":\"https:\/\/lejardindegwenn.fr\/index.php\/commande-en-ligne\/\"},{\"@type\":\"ListItem\",\"position\":3,\"name\":\"Box petit dej 2pers\"}]},{\"@type\":\"WebSite\",\"@id\":\"https:\/\/lejardindegwenn.fr\/#website\",\"url\":\"https:\/\/lejardindegwenn.fr\/\",\"name\":\"Le Jardin de Gwenn\",\"description\":\"Restaurant @ P\u00e2tisserie \u00e0 Brest\",\"publisher\":{\"@id\":\"https:\/\/lejardindegwenn.fr\/#organization\"},\"potentialAction\":[{\"@type\":\"SearchAction\",\"target\":{\"@type\":\"EntryPoint\",\"urlTemplate\":\"https:\/\/lejardindegwenn.fr\/?s={search_term_string}\"},\"query-input\":{\"@type\":\"PropertyValueSpecification\",\"valueRequired\":true,\"valueName\":\"search_term_string\"}}],\"inLanguage\":\"fr-FR\"},{\"@type\":\"Organization\",\"@id\":\"https:\/\/lejardindegwenn.fr\/#organization\",\"name\":\"Le Jardin de Gwenn\",\"url\":\"https:\/\/lejardindegwenn.fr\/\",\"logo\":{\"@type\":\"ImageObject\",\"inLanguage\":\"fr-FR\",\"@id\":\"https:\/\/lejardindegwenn.fr\/#\/schema\/logo\/image\/\",\"url\":\"https:\/\/lejardindegwenn.fr\/wp-content\/uploads\/2022\/12\/cropped-Logo-jdg-.png\",\"contentUrl\":\"https:\/\/lejardindegwenn.fr\/wp-content\/uploads\/2022\/12\/cropped-Logo-jdg-.png\",\"width\":615,\"height\":406,\"caption\":\"Le Jardin de Gwenn\"},\"image\":{\"@id\":\"https:\/\/lejardindegwenn.fr\/#\/schema\/logo\/image\/\"},\"sameAs\":[\"https:\/\/www.facebook.com\/lejardindegwenn\/?locale=fr_FR\",\"https:\/\/www.instagram.com\/le_jardin_de_gwenn\/?hl=fr\"]}]}<\/script>\n<!-- \/ Yoast SEO plugin. -->","yoast_head_json":{"title":"Box petit dej 2pers - Le Jardin de Gwenn","robots":{"index":"index","follow":"follow","max-snippet":"max-snippet:-1","max-image-preview":"max-image-preview:large","max-video-preview":"max-video-preview:-1"},"canonical":"https:\/\/lejardindegwenn.fr\/index.php\/produit\/box-petit-dejeuner-2pers\/","og_locale":"fr_FR","og_type":"article","og_title":"Box petit dej 2pers - Le Jardin de Gwenn","og_description":"Petite Box petit d\u00e9jeuner 2 personnes : compos\u00e9e de 4 cr\u00eapes, 2 petites brioches, des chouquettes, 5 parts de cake (du moment), 2 pots de fruits et des pots de caramel et chocolat maison.","og_url":"https:\/\/lejardindegwenn.fr\/index.php\/produit\/box-petit-dejeuner-2pers\/","og_site_name":"Le Jardin de Gwenn","article_publisher":"https:\/\/www.facebook.com\/lejardindegwenn\/?locale=fr_FR","article_modified_time":"2025-09-24T10:10:25+00:00","og_image":[{"width":1707,"height":2560,"url":"https:\/\/lejardindegwenn.fr\/wp-content\/uploads\/2025\/03\/boxpetitdej2-2-scaled.jpg","type":"image\/jpeg"}],"twitter_card":"summary_large_image","twitter_misc":{"Dur\u00e9e de lecture estim\u00e9e":"1 minute"},"schema":{"@context":"https:\/\/schema.org","@graph":[{"@type":"WebPage","@id":"https:\/\/lejardindegwenn.fr\/index.php\/produit\/box-petit-dejeuner-2pers\/","url":"https:\/\/lejardindegwenn.fr\/index.php\/produit\/box-petit-dejeuner-2pers\/","name":"Box petit dej 2pers - Le Jardin de Gwenn","isPartOf":{"@id":"https:\/\/lejardindegwenn.fr\/#website"},"primaryImageOfPage":{"@id":"https:\/\/lejardindegwenn.fr\/index.php\/produit\/box-petit-dejeuner-2pers\/#primaryimage"},"image":{"@id":"https:\/\/lejardindegwenn.fr\/index.php\/produit\/box-petit-dejeuner-2pers\/#primaryimage"},"thumbnailUrl":"https:\/\/lejardindegwenn.fr\/wp-content\/uploads\/2025\/03\/boxpetitdej2-2-scaled.jpg","datePublished":"2025-03-14T12:29:07+00:00","dateModified":"2025-09-24T10:10:25+00:00","breadcrumb":{"@id":"https:\/\/lejardindegwenn.fr\/index.php\/produit\/box-petit-dejeuner-2pers\/#breadcrumb"},"inLanguage":"fr-FR","potentialAction":[{"@type":"ReadAction","target":["https:\/\/lejardindegwenn.fr\/index.php\/produit\/box-petit-dejeuner-2pers\/"]}]},{"@type":"ImageObject","inLanguage":"fr-FR","@id":"https:\/\/lejardindegwenn.fr\/index.php\/produit\/box-petit-dejeuner-2pers\/#primaryimage","url":"https:\/\/lejardindegwenn.fr\/wp-content\/uploads\/2025\/03\/boxpetitdej2-2-scaled.jpg","contentUrl":"https:\/\/lejardindegwenn.fr\/wp-content\/uploads\/2025\/03\/boxpetitdej2-2-scaled.jpg","width":1707,"height":2560,"caption":"box petit d\u00e9jeuner brest"},{"@type":"BreadcrumbList","@id":"https:\/\/lejardindegwenn.fr\/index.php\/produit\/box-petit-dejeuner-2pers\/#breadcrumb","itemListElement":[{"@type":"ListItem","position":1,"name":"Accueil","item":"https:\/\/lejardindegwenn.fr\/"},{"@type":"ListItem","position":2,"name":"Commande en ligne","item":"https:\/\/lejardindegwenn.fr\/index.php\/commande-en-ligne\/"},{"@type":"ListItem","position":3,"name":"Box petit dej 2pers"}]},{"@type":"WebSite","@id":"https:\/\/lejardindegwenn.fr\/#website","url":"https:\/\/lejardindegwenn.fr\/","name":"Le Jardin de Gwenn","description":"Restaurant @ P\u00e2tisserie \u00e0 Brest","publisher":{"@id":"https:\/\/lejardindegwenn.fr\/#organization"},"potentialAction":[{"@type":"SearchAction","target":{"@type":"EntryPoint","urlTemplate":"https:\/\/lejardindegwenn.fr\/?s={search_term_string}"},"query-input":{"@type":"PropertyValueSpecification","valueRequired":true,"valueName":"search_term_string"}}],"inLanguage":"fr-FR"},{"@type":"Organization","@id":"https:\/\/lejardindegwenn.fr\/#organization","name":"Le Jardin de Gwenn","url":"https:\/\/lejardindegwenn.fr\/","logo":{"@type":"ImageObject","inLanguage":"fr-FR","@id":"https:\/\/lejardindegwenn.fr\/#\/schema\/logo\/image\/","url":"https:\/\/lejardindegwenn.fr\/wp-content\/uploads\/2022\/12\/cropped-Logo-jdg-.png","contentUrl":"https:\/\/lejardindegwenn.fr\/wp-content\/uploads\/2022\/12\/cropped-Logo-jdg-.png","width":615,"height":406,"caption":"Le Jardin de Gwenn"},"image":{"@id":"https:\/\/lejardindegwenn.fr\/#\/schema\/logo\/image\/"},"sameAs":["https:\/\/www.facebook.com\/lejardindegwenn\/?locale=fr_FR","https:\/\/www.instagram.com\/le_jardin_de_gwenn\/?hl=fr"]}]}},"jetpack_sharing_enabled":true,"_links":{"self":[{"href":"https:\/\/lejardindegwenn.fr\/index.php\/wp-json\/wp\/v2\/product\/3985","targetHints":{"allow":["GET"]}}],"collection":[{"href":"https:\/\/lejardindegwenn.fr\/index.php\/wp-json\/wp\/v2\/product"}],"about":[{"href":"https:\/\/lejardindegwenn.fr\/index.php\/wp-json\/wp\/v2\/types\/product"}],"replies":[{"embeddable":true,"href":"https:\/\/lejardindegwenn.fr\/index.php\/wp-json\/wp\/v2\/comments?post=3985"}],"wp:featuredmedia":[{"embeddable":true,"href":"https:\/\/lejardindegwenn.fr\/index.php\/wp-json\/wp\/v2\/media\/3986"}],"wp:attachment":[{"href":"https:\/\/lejardindegwenn.fr\/index.php\/wp-json\/wp\/v2\/media?parent=3985"}],"wp:term":[{"taxonomy":"product_brand","embeddable":true,"href":"https:\/\/lejardindegwenn.fr\/index.php\/wp-json\/wp\/v2\/product_brand?post=3985"},{"taxonomy":"product_cat","embeddable":true,"href":"https:\/\/lejardindegwenn.fr\/index.php\/wp-json\/wp\/v2\/product_cat?post=3985"},{"taxonomy":"product_tag","embeddable":true,"href":"https:\/\/lejardindegwenn.fr\/index.php\/wp-json\/wp\/v2\/product_tag?post=3985"}],"curies":[{"name":"wp","href":"https:\/\/api.w.org\/{rel}","templated":true}]}}