{"id":4278,"date":"2025-05-19T09:33:21","date_gmt":"2025-05-19T07:33:21","guid":{"rendered":"https:\/\/lejardindegwenn.fr\/?post_type=product&#038;p=4278"},"modified":"2025-09-24T11:53:39","modified_gmt":"2025-09-24T09:53:39","slug":"petite-box-charcuterie-fromage","status":"publish","type":"product","link":"https:\/\/lejardindegwenn.fr\/index.php\/produit\/petite-box-charcuterie-fromage\/","title":{"rendered":"Petite box charcuterie\/fromage"},"content":{"rendered":"<p class=\"kt-adv-heading4267_d111bb-41 wp-block-kadence-advancedheading\" data-kb-block=\"kb-adv-heading4267_d111bb-41\">Nous vous proposons une petite box sp\u00e9ciale charcuterie\/fromage. Retrouvez un assortiment de charcuteries, de fromages, d\u2019olives, une confiture de figue maison mais aussi des fruits rouges et raisins. Convient pour 1 \u00e0 3 personnes.<\/p>\n<p class=\"kt-adv-heading4267_0932a1-4d wp-block-kadence-advancedheading\" data-kb-block=\"kb-adv-heading4267_0932a1-4d\">A retrouver du mardi au dimanche, \u00e0 la p\u00e2tisserie au 1 rue St Martin. Commande \u00e9galement possible en par t\u00e9l\u00e9phone au 0256318601 ou directement sur place.<\/p>\n<p data-kb-block=\"kb-adv-heading4267_0932a1-4d\">\n","protected":false},"excerpt":{"rendered":"<p class=\"kt-adv-heading4267_d111bb-41 wp-block-kadence-advancedheading\" data-kb-block=\"kb-adv-heading4267_d111bb-41\">Nous vous proposons une petite box sp\u00e9ciale charcuterie\/fromage. Retrouvez un assortiment de charcuteries, de fromages, d\u2019olives, une confiture de figue maison mais aussi des fruits rouges et raisins. Convient pour 1 \u00e0 3 personnes.<\/p>\n<p class=\"kt-adv-heading4267_0932a1-4d wp-block-kadence-advancedheading\" data-kb-block=\"kb-adv-heading4267_0932a1-4d\">A retrouver du mardi au dimanche, \u00e0 la p\u00e2tisserie au 1 rue St Martin. Le dimanche le r\u00e8glement doit \u00eatre fait uniquement en ligne car la commande sera \u00e0 retirer au restaurant (14 rue Louis Pasteur). Commande \u00e9galement possible en par t\u00e9l\u00e9phone au 0256318601 ou directement sur place.<\/p>\n","protected":false},"featured_media":4271,"comment_status":"open","ping_status":"closed","template":"","meta":{"_monsterinsights_skip_tracking":false,"_monsterinsights_sitenote_active":false,"_monsterinsights_sitenote_note":"","_monsterinsights_sitenote_category":0},"product_brand":[],"product_cat":[27],"product_tag":[],"class_list":{"0":"post-4278","1":"product","2":"type-product","3":"status-publish","4":"has-post-thumbnail","6":"product_cat-non-classe","8":"first","9":"instock","10":"taxable","11":"shipping-taxable","12":"purchasable","13":"product-type-simple"},"yoast_head":"<!-- This site is optimized with the Yoast SEO plugin v26.1.1 - https:\/\/yoast.com\/wordpress\/plugins\/seo\/ -->\n<title>Petite box charcuterie\/fromage - Le Jardin de Gwenn<\/title>\n<meta name=\"description\" content=\"D\u00e9couvrez notre petite box charcuterie\/fromage \u00e0 partager pour 1 \u00e0 3 personnes. Disponible en click&amp;collect ou commande par t\u00e9l\u00e9phone.\" \/>\n<meta name=\"robots\" content=\"index, follow, max-snippet:-1, max-image-preview:large, max-video-preview:-1\" \/>\n<link rel=\"canonical\" href=\"https:\/\/lejardindegwenn.fr\/index.php\/produit\/petite-box-charcuterie-fromage\/\" \/>\n<meta property=\"og:locale\" content=\"fr_FR\" \/>\n<meta property=\"og:type\" content=\"article\" \/>\n<meta property=\"og:title\" content=\"Petite box charcuterie\/fromage - Le Jardin de Gwenn\" \/>\n<meta property=\"og:description\" content=\"D\u00e9couvrez notre petite box charcuterie\/fromage \u00e0 partager pour 1 \u00e0 3 personnes. Disponible en click&amp;collect ou commande par t\u00e9l\u00e9phone.\" \/>\n<meta property=\"og:url\" content=\"https:\/\/lejardindegwenn.fr\/index.php\/produit\/petite-box-charcuterie-fromage\/\" \/>\n<meta property=\"og:site_name\" content=\"Le Jardin de Gwenn\" \/>\n<meta property=\"article:publisher\" content=\"https:\/\/www.facebook.com\/lejardindegwenn\/?locale=fr_FR\" \/>\n<meta property=\"article:modified_time\" content=\"2025-09-24T09:53:39+00:00\" \/>\n<meta property=\"og:image\" content=\"https:\/\/lejardindegwenn.fr\/wp-content\/uploads\/2025\/05\/aboxfro-scaled.jpg\" \/>\n\t<meta property=\"og:image:width\" content=\"1707\" \/>\n\t<meta property=\"og:image:height\" content=\"2560\" \/>\n\t<meta property=\"og:image:type\" content=\"image\/jpeg\" \/>\n<meta name=\"twitter:card\" content=\"summary_large_image\" \/>\n<meta name=\"twitter:label1\" content=\"Dur\u00e9e de lecture estim\u00e9e\" \/>\n\t<meta name=\"twitter:data1\" content=\"1 minute\" \/>\n<script type=\"application\/ld+json\" class=\"yoast-schema-graph\">{\"@context\":\"https:\/\/schema.org\",\"@graph\":[{\"@type\":\"WebPage\",\"@id\":\"https:\/\/lejardindegwenn.fr\/index.php\/produit\/petite-box-charcuterie-fromage\/\",\"url\":\"https:\/\/lejardindegwenn.fr\/index.php\/produit\/petite-box-charcuterie-fromage\/\",\"name\":\"Petite box charcuterie\/fromage - Le Jardin de Gwenn\",\"isPartOf\":{\"@id\":\"https:\/\/lejardindegwenn.fr\/#website\"},\"primaryImageOfPage\":{\"@id\":\"https:\/\/lejardindegwenn.fr\/index.php\/produit\/petite-box-charcuterie-fromage\/#primaryimage\"},\"image\":{\"@id\":\"https:\/\/lejardindegwenn.fr\/index.php\/produit\/petite-box-charcuterie-fromage\/#primaryimage\"},\"thumbnailUrl\":\"https:\/\/lejardindegwenn.fr\/wp-content\/uploads\/2025\/05\/aboxfro-scaled.jpg\",\"datePublished\":\"2025-05-19T07:33:21+00:00\",\"dateModified\":\"2025-09-24T09:53:39+00:00\",\"description\":\"D\u00e9couvrez notre petite box charcuterie\/fromage \u00e0 partager pour 1 \u00e0 3 personnes. Disponible en click&collect ou commande par t\u00e9l\u00e9phone.\",\"breadcrumb\":{\"@id\":\"https:\/\/lejardindegwenn.fr\/index.php\/produit\/petite-box-charcuterie-fromage\/#breadcrumb\"},\"inLanguage\":\"fr-FR\",\"potentialAction\":[{\"@type\":\"ReadAction\",\"target\":[\"https:\/\/lejardindegwenn.fr\/index.php\/produit\/petite-box-charcuterie-fromage\/\"]}]},{\"@type\":\"ImageObject\",\"inLanguage\":\"fr-FR\",\"@id\":\"https:\/\/lejardindegwenn.fr\/index.php\/produit\/petite-box-charcuterie-fromage\/#primaryimage\",\"url\":\"https:\/\/lejardindegwenn.fr\/wp-content\/uploads\/2025\/05\/aboxfro-scaled.jpg\",\"contentUrl\":\"https:\/\/lejardindegwenn.fr\/wp-content\/uploads\/2025\/05\/aboxfro-scaled.jpg\",\"width\":1707,\"height\":2560,\"caption\":\"box charcuterie fromage\"},{\"@type\":\"BreadcrumbList\",\"@id\":\"https:\/\/lejardindegwenn.fr\/index.php\/produit\/petite-box-charcuterie-fromage\/#breadcrumb\",\"itemListElement\":[{\"@type\":\"ListItem\",\"position\":1,\"name\":\"Accueil\",\"item\":\"https:\/\/lejardindegwenn.fr\/\"},{\"@type\":\"ListItem\",\"position\":2,\"name\":\"Commande en ligne\",\"item\":\"https:\/\/lejardindegwenn.fr\/index.php\/commande-en-ligne\/\"},{\"@type\":\"ListItem\",\"position\":3,\"name\":\"Petite box charcuterie\/fromage\"}]},{\"@type\":\"WebSite\",\"@id\":\"https:\/\/lejardindegwenn.fr\/#website\",\"url\":\"https:\/\/lejardindegwenn.fr\/\",\"name\":\"Le Jardin de Gwenn\",\"description\":\"Restaurant @ P\u00e2tisserie \u00e0 Brest\",\"publisher\":{\"@id\":\"https:\/\/lejardindegwenn.fr\/#organization\"},\"potentialAction\":[{\"@type\":\"SearchAction\",\"target\":{\"@type\":\"EntryPoint\",\"urlTemplate\":\"https:\/\/lejardindegwenn.fr\/?s={search_term_string}\"},\"query-input\":{\"@type\":\"PropertyValueSpecification\",\"valueRequired\":true,\"valueName\":\"search_term_string\"}}],\"inLanguage\":\"fr-FR\"},{\"@type\":\"Organization\",\"@id\":\"https:\/\/lejardindegwenn.fr\/#organization\",\"name\":\"Le Jardin de Gwenn\",\"url\":\"https:\/\/lejardindegwenn.fr\/\",\"logo\":{\"@type\":\"ImageObject\",\"inLanguage\":\"fr-FR\",\"@id\":\"https:\/\/lejardindegwenn.fr\/#\/schema\/logo\/image\/\",\"url\":\"https:\/\/lejardindegwenn.fr\/wp-content\/uploads\/2022\/12\/cropped-Logo-jdg-.png\",\"contentUrl\":\"https:\/\/lejardindegwenn.fr\/wp-content\/uploads\/2022\/12\/cropped-Logo-jdg-.png\",\"width\":615,\"height\":406,\"caption\":\"Le Jardin de Gwenn\"},\"image\":{\"@id\":\"https:\/\/lejardindegwenn.fr\/#\/schema\/logo\/image\/\"},\"sameAs\":[\"https:\/\/www.facebook.com\/lejardindegwenn\/?locale=fr_FR\",\"https:\/\/www.instagram.com\/le_jardin_de_gwenn\/?hl=fr\"]}]}<\/script>\n<!-- \/ Yoast SEO plugin. -->","yoast_head_json":{"title":"Petite box charcuterie\/fromage - Le Jardin de Gwenn","description":"D\u00e9couvrez notre petite box charcuterie\/fromage \u00e0 partager pour 1 \u00e0 3 personnes. Disponible en click&collect ou commande par t\u00e9l\u00e9phone.","robots":{"index":"index","follow":"follow","max-snippet":"max-snippet:-1","max-image-preview":"max-image-preview:large","max-video-preview":"max-video-preview:-1"},"canonical":"https:\/\/lejardindegwenn.fr\/index.php\/produit\/petite-box-charcuterie-fromage\/","og_locale":"fr_FR","og_type":"article","og_title":"Petite box charcuterie\/fromage - Le Jardin de Gwenn","og_description":"D\u00e9couvrez notre petite box charcuterie\/fromage \u00e0 partager pour 1 \u00e0 3 personnes. Disponible en click&collect ou commande par t\u00e9l\u00e9phone.","og_url":"https:\/\/lejardindegwenn.fr\/index.php\/produit\/petite-box-charcuterie-fromage\/","og_site_name":"Le Jardin de Gwenn","article_publisher":"https:\/\/www.facebook.com\/lejardindegwenn\/?locale=fr_FR","article_modified_time":"2025-09-24T09:53:39+00:00","og_image":[{"width":1707,"height":2560,"url":"https:\/\/lejardindegwenn.fr\/wp-content\/uploads\/2025\/05\/aboxfro-scaled.jpg","type":"image\/jpeg"}],"twitter_card":"summary_large_image","twitter_misc":{"Dur\u00e9e de lecture estim\u00e9e":"1 minute"},"schema":{"@context":"https:\/\/schema.org","@graph":[{"@type":"WebPage","@id":"https:\/\/lejardindegwenn.fr\/index.php\/produit\/petite-box-charcuterie-fromage\/","url":"https:\/\/lejardindegwenn.fr\/index.php\/produit\/petite-box-charcuterie-fromage\/","name":"Petite box charcuterie\/fromage - Le Jardin de Gwenn","isPartOf":{"@id":"https:\/\/lejardindegwenn.fr\/#website"},"primaryImageOfPage":{"@id":"https:\/\/lejardindegwenn.fr\/index.php\/produit\/petite-box-charcuterie-fromage\/#primaryimage"},"image":{"@id":"https:\/\/lejardindegwenn.fr\/index.php\/produit\/petite-box-charcuterie-fromage\/#primaryimage"},"thumbnailUrl":"https:\/\/lejardindegwenn.fr\/wp-content\/uploads\/2025\/05\/aboxfro-scaled.jpg","datePublished":"2025-05-19T07:33:21+00:00","dateModified":"2025-09-24T09:53:39+00:00","description":"D\u00e9couvrez notre petite box charcuterie\/fromage \u00e0 partager pour 1 \u00e0 3 personnes. Disponible en click&collect ou commande par t\u00e9l\u00e9phone.","breadcrumb":{"@id":"https:\/\/lejardindegwenn.fr\/index.php\/produit\/petite-box-charcuterie-fromage\/#breadcrumb"},"inLanguage":"fr-FR","potentialAction":[{"@type":"ReadAction","target":["https:\/\/lejardindegwenn.fr\/index.php\/produit\/petite-box-charcuterie-fromage\/"]}]},{"@type":"ImageObject","inLanguage":"fr-FR","@id":"https:\/\/lejardindegwenn.fr\/index.php\/produit\/petite-box-charcuterie-fromage\/#primaryimage","url":"https:\/\/lejardindegwenn.fr\/wp-content\/uploads\/2025\/05\/aboxfro-scaled.jpg","contentUrl":"https:\/\/lejardindegwenn.fr\/wp-content\/uploads\/2025\/05\/aboxfro-scaled.jpg","width":1707,"height":2560,"caption":"box charcuterie fromage"},{"@type":"BreadcrumbList","@id":"https:\/\/lejardindegwenn.fr\/index.php\/produit\/petite-box-charcuterie-fromage\/#breadcrumb","itemListElement":[{"@type":"ListItem","position":1,"name":"Accueil","item":"https:\/\/lejardindegwenn.fr\/"},{"@type":"ListItem","position":2,"name":"Commande en ligne","item":"https:\/\/lejardindegwenn.fr\/index.php\/commande-en-ligne\/"},{"@type":"ListItem","position":3,"name":"Petite box charcuterie\/fromage"}]},{"@type":"WebSite","@id":"https:\/\/lejardindegwenn.fr\/#website","url":"https:\/\/lejardindegwenn.fr\/","name":"Le Jardin de Gwenn","description":"Restaurant @ P\u00e2tisserie \u00e0 Brest","publisher":{"@id":"https:\/\/lejardindegwenn.fr\/#organization"},"potentialAction":[{"@type":"SearchAction","target":{"@type":"EntryPoint","urlTemplate":"https:\/\/lejardindegwenn.fr\/?s={search_term_string}"},"query-input":{"@type":"PropertyValueSpecification","valueRequired":true,"valueName":"search_term_string"}}],"inLanguage":"fr-FR"},{"@type":"Organization","@id":"https:\/\/lejardindegwenn.fr\/#organization","name":"Le Jardin de Gwenn","url":"https:\/\/lejardindegwenn.fr\/","logo":{"@type":"ImageObject","inLanguage":"fr-FR","@id":"https:\/\/lejardindegwenn.fr\/#\/schema\/logo\/image\/","url":"https:\/\/lejardindegwenn.fr\/wp-content\/uploads\/2022\/12\/cropped-Logo-jdg-.png","contentUrl":"https:\/\/lejardindegwenn.fr\/wp-content\/uploads\/2022\/12\/cropped-Logo-jdg-.png","width":615,"height":406,"caption":"Le Jardin de Gwenn"},"image":{"@id":"https:\/\/lejardindegwenn.fr\/#\/schema\/logo\/image\/"},"sameAs":["https:\/\/www.facebook.com\/lejardindegwenn\/?locale=fr_FR","https:\/\/www.instagram.com\/le_jardin_de_gwenn\/?hl=fr"]}]}},"jetpack_sharing_enabled":true,"_links":{"self":[{"href":"https:\/\/lejardindegwenn.fr\/index.php\/wp-json\/wp\/v2\/product\/4278","targetHints":{"allow":["GET"]}}],"collection":[{"href":"https:\/\/lejardindegwenn.fr\/index.php\/wp-json\/wp\/v2\/product"}],"about":[{"href":"https:\/\/lejardindegwenn.fr\/index.php\/wp-json\/wp\/v2\/types\/product"}],"replies":[{"embeddable":true,"href":"https:\/\/lejardindegwenn.fr\/index.php\/wp-json\/wp\/v2\/comments?post=4278"}],"wp:featuredmedia":[{"embeddable":true,"href":"https:\/\/lejardindegwenn.fr\/index.php\/wp-json\/wp\/v2\/media\/4271"}],"wp:attachment":[{"href":"https:\/\/lejardindegwenn.fr\/index.php\/wp-json\/wp\/v2\/media?parent=4278"}],"wp:term":[{"taxonomy":"product_brand","embeddable":true,"href":"https:\/\/lejardindegwenn.fr\/index.php\/wp-json\/wp\/v2\/product_brand?post=4278"},{"taxonomy":"product_cat","embeddable":true,"href":"https:\/\/lejardindegwenn.fr\/index.php\/wp-json\/wp\/v2\/product_cat?post=4278"},{"taxonomy":"product_tag","embeddable":true,"href":"https:\/\/lejardindegwenn.fr\/index.php\/wp-json\/wp\/v2\/product_tag?post=4278"}],"curies":[{"name":"wp","href":"https:\/\/api.w.org\/{rel}","templated":true}]}}